= -2 + 0 - 54*q**3 + 48*q**3 - 3*q + 4*q. Let a be i(1). Let k = a + 79. Calculate the highest common factor of k and 12.
12
Let a(j) = -j + 3. Let y be a(4). Let u = -331 - -333. Let w be 2/u - 57*y. Calculate the highest common divisor of w and 87.
29
Let n be (-79)/11 - 42/(-231). Let u(c) = c**3 + 6*c**2 - 6*c + 9. Let d be u(n). What is the highest common divisor of d and 10?
2
Suppose -3*w + 16 = -2*q, 5*w - 3*q - 13 = 15. Suppose 106 + w = t. Calculate the highest common divisor of 76 and t.
38
Let t(q) = -1 + q**2 + 4*q**2 - 3*q**2. Let d be t(2). Suppose d*k - 101 = 25. Calculate the greatest common divisor of k and 126.
18
Suppose 4*j - 44 = -4*m, -5*j + 30 = 4*m - 13. Suppose -14*f = -m*f - 130. Suppose 15 = 4*q - 89. Calculate the highest common factor of f and q.
13
Let i be 3/6 + (-9)/(-6). Let u be (40/6)/((-10)/(-12)). Calculate the highest common divisor of i and u.
2
Let x(b) = 7*b + 445. Let p be x(-43). Calculate the highest common divisor of p and 45.
9
Suppose 59*v = 63*v + 36. Let d be -5 - v - (-393)/3. Calculate the greatest common divisor of d and 54.
27
Let t = -17 - -32. Let f = 18 - t. Calculate the greatest common factor of 21 and f.
3
Let n = -49 + 85. Let t(m) = m**3 + 23*m**2 + 18*m - 28. Let b be t(-22). What is the highest common divisor of b and n?
12
Suppose 0 = 3*q - 2*v - 698 + 237, 610 = 4*q + 2*v. Let g = 2 + -12. Let l be (-185)/(-11) - g/55. Calculate the greatest common divisor of q and l.
17
Suppose 9*n - x - 95 = 4*n, -5*n + 95 = 4*x. Let c(z) = 1 - n*z**3 + 0 + 0 + 2*z. Let b be c(-1). What is the greatest common divisor of b and 18?
18
Let h(p) = p - 5. Let j be h(8). Let x be (-1)/(-3)*18/j. Let l be ((-8)/1)/((-1)/x). Calculate the greatest common divisor of l and 112.
16
Let t = -26 + 64. What is the greatest common divisor of t and 133?
19
Let l be ((-1)/(28/144))/((-2)/42). Let t be l/12 + 2 + 0. What is the greatest common factor of t and 11?
11
Suppose 0 = -70*m + 75*m - 1820. What is the highest common factor of m and 52?
52
Let l be (84/98)/((-1)/35). Let f be l/(-25)*15/(-2). Let v be 107 + (f/3 - -4). What is the greatest common factor of v and 27?
27
Suppose -23*t = -24*t + 2. Suppose -t*q - 252 = -4*h, 0*q - 2*q = -3*h + 188. What is the highest common factor of 96 and h?
32
Let l(d) = d**3 - 26*d**2 - 25*d - 42. Let b be l(27). Calculate the greatest common factor of 24 and b.
12
Let f(b) = b**2 - 5*b - 11. Let i be f(7). Suppose y = i*z - 19, 5*z - 4*y - 13 = 14. Suppose 0 = 3*k - 18 - 3. Calculate the greatest common factor of z and k.
7
Let c = -7 + 9. Suppose -34 - 12 = -23*z. Calculate the greatest common divisor of z and c.
2
Let l = 1366 + -640. Calculate the greatest common divisor of l and 66.
66
Suppose -35 - 37 = -3*p. Suppose -5*k - 20 = -5*g, 5*g = k - 0*g + p. What is the highest common divisor of 11 and k?
1
Let w(s) = 216*s**2 + s - 16. Let z be w(-3). Calculate the highest common factor of 77 and z.
77
Let k be 3/(-2) + (-5340)/(-8). What is the greatest common factor of 18 and k?
18
Suppose -9*h - 78 = -222. Suppose -3*m + 0*m + 120 = 0. What is the greatest common divisor of h and m?
8
Let s(l) = 50*l - 28. Let b be s(2). What is the highest common factor of 48 and b?
24
Let i be (-24)/(-9)*3/2. Let p be ((-10)/15)/(i/66). Let g be (-167)/(-11) - (-2)/p. What is the greatest common divisor of g and 10?
5
Let a be 5/((1/2)/((-376)/(-8))). Let p = a + -290. Calculate the greatest common divisor of 36 and p.
36
Suppose 4*b - 280 = -3*b. Calculate the highest common factor of 10 and b.
10
Suppose -3*i = -2*i - 2*r - 300, -4*i + 1191 = -5*r. What is the highest common divisor of 6 and i?
6
Suppose 18*s - 3456 = -18*s. Calculate the greatest common factor of s and 72.
24
Let r be 28 - ((-12)/(-1) + 0). Suppose -57 - 135 = -4*o. What is the highest common divisor of r and o?
16
Let w(j) = -j**3 - 20*j**2 + j + 23. Let r be w(-20). Let k be (-91)/(-21) + 4 + (-1)/r. Calculate the greatest common divisor of k and 80.
8
Let f(a) = a**3 - 4*a**2 + 5*a - 6. Let i be f(4). Suppose -3*w + i = -w. Suppose -132 + 377 = 21*h - 490. Calculate the greatest common divisor of w and h.
7
Suppose -16*v = -9*v - 1176. What is the highest common divisor of 21 and v?
21
Suppose 0 = -2*s + 4 - 2, -5*u = -3*s - 397. Let n(l) = -106*l + 122. Let x be n(1). What is the greatest common factor of x and u?
16
Let g = 444 - 422. What is the greatest common factor of 66 and g?
22
Let o = 25 - 22. Suppose 284 = o*y + 4*w, 0 = 3*y + 5*w - 114 - 169. Calculate the highest common factor of 12 and y.
12
Let j = 70 - 47. Let n be (4 + -2 - 2) + -7. Let i be (-1*4)/(n/161). What is the greatest common factor of i and j?
23
Suppose -5*v - 367 = 23. Let g = v - -88. Calculate the greatest common factor of g and 130.
10
Let i(x) = 3*x**2 - 5*x + 6. Let o be i(4). Let y = 48 - o. Let b be (-1)/(-3) + 670/6. Calculate the highest common divisor of b and y.
14
Suppose 0 = 12*h - 6*h - 72. Let f(i) = -i**2 + 17*i + 10. Let s be f(h). What is the highest common divisor of 14 and s?
14
Let r(u) = 2*u**3 + 4*u**2 + 8*u + 2. Let m be r(-3). Let v be (-2)/(-8) - 1070/m. Calculate the greatest common factor of v and 270.
27
Suppose 0 = -6*m - 10 - 2. Let p(k) = -2*k - 5. Let d be p(m). Let x be (d - 12/(-2))*14. Calculate the highest common factor of 10 and x.
10
Suppose 4 = -4*y - 4. Let v = 0 - y. Suppose m = -4*c + 5 + 10, -v*c + 3 = -m. What is the highest common factor of 2 and c?
1
Let j = 20 + 60. Let b be (-82)/(-3)*6*5/(-5). Let p = 174 + b. Calculate the highest common factor of p and j.
10
Suppose 0 = -5*o - 3*g + 87, -5*o + g + 91 = -0*g. Let r(p) = 2*p - 7. Let l be r(6). Suppose 10*n = -l*n + 90. What is the greatest common divisor of n and o?
6
Let m be ((-2)/(-4))/(7/252). Let z(w) = -12*w. Let b be z(3). Let x = b - -63. Calculate the greatest common factor of x and m.
9
Suppose -5*l + 2*h - 6*h - 191 = 0, 183 = -5*l - 2*h. Let s be 28/l - 29/(-5). Calculate the greatest common factor of s and 30.
5
Suppose 3*a + 3*g = 6, -296*g + 13 = -a - 300*g. Let c = -3 + 2. Let w be -11*(c - (-1 + 7)). What is the greatest common divisor of w and a?
7
Let r be 2 + (2 - (1 - 1)). Suppose -v = 61 - r. Let s = -33 - v. What is the highest common factor of s and 60?
12
Let u be (3 - (-2)/(-1))*(-99)/(-1). Suppose -3*j + u = -z, 3*j - z - 31 = 2*j. What is the highest common divisor of 17 and j?
17
Suppose 0*i + 4*i - 152 = 0. Let t = -13 + i. Calculate the greatest common factor of t and 250.
25
Let t(x) = -x**2 + 10*x + 15. Let p be t(11). Suppose -4*a - 2 = -2*a. Let h be (-47)/a + 3*-1. Calculate the greatest common divisor of h and p.
4
Let w = -214 - -106. Let z be w/(-10) + 10/50. Suppose 3*x - 14 = h, -2*x + 4*h + z = x. Calculate the greatest common factor of 1 and x.
1
Let t = 52 + -52. Suppose -3*c + 382 = -2*a, -a + 6 - 8 = t. What is the highest common divisor of c and 14?
14
Suppose 470 = 28*f - 146. What is the highest common factor of f and 374?
22
Let m be 737/((-56)/(-24) - 2). Calculate the greatest common factor of m and 33.
33
Let x(h) = 34*h - 392. Let r be x(12). What is the highest common factor of 1392 and r?
16
Let n be (1 - 54)*(-30)/(-10). Let h = 343 + n. What is the highest common factor of 23 and h?
23
Suppose -k - 480 = -3*k. Suppose -k = -4*j + 24. Suppose -2*y = o - y - 36, -4*o = 3*y - 141. What is the greatest common divisor of o and j?
33
Let d = -427 - -720. Suppose 7*o - 22 = d. Calculate the greatest common factor of 9 and o.
9
Suppose 18 = n + 19*l - 20*l, -n + 4*l + 33 = 0. What is the highest common divisor of n and 351?
13
Suppose 0 = -2*b - 2*s + 312, 430 = 4*b - 2*s - 170. What is the highest common factor of b and 32?
8
Suppose 20*r - 17*r = -3*k + 108, 2*r = -4*k + 136. What is the highest common factor of k and 16?
16
Let k(a) = -a**2 + 27*a - 116. Let d be k(17). Calculate the greatest common factor of d and 18.
18
Suppose -45 = -3*m - 2*b, 2*m + 3*b - 4 - 21 = 0. Let o = 38 - m. Let k be 72/2*14/o. Calculate the highest common factor of k and 12.
12
Let f(w) = -w**3 - 13*w**2 + 15*w + 19. Let n be f(-14). Suppose 0 = 10*d - n*d - 210. Calculate the greatest common factor of d and 6.
6
Suppose 0 = 4*c - 28 - 20. Suppose c = 4*s - 28. Calculate the highest common 